 n be q(-1). Suppose d = 4, 5*y = -4*d + 50 - 4. What is the highest common divisor of y and n?
6
Suppose -4*l - 3*h + 0*h = -29, l - h = 2. Suppose 0 = 3*r - 1 - 14. What is the greatest common factor of l and r?
5
Let m = -3369 - -5049. Calculate the highest common factor of m and 42.
42
Suppose 113 = -4*v - 5*r, -2*r - 7 = -5*v - 173. Let z = -15 - v. Calculate the highest common factor of 17 and z.
17
Suppose 0 = t + 3*p + 3, p = -5*t - 3 - 12. Let m be -1 + t/2*-4. Suppose 3*y - 61 = y + m*b, -5*y = b - 139. What is the highest common divisor of y and 28?
28
Let u(m) = m**3 - 11*m**2 + 11*m + 11. Let d be u(10). Let s be (-846)/(-7) - (-3)/d. What is the greatest common divisor of s and 11?
11
Let g be ((-2)/(-6))/(4*(-8)/(-3264)). What is the greatest common factor of 986 and g?
34
Let w(r) = -2*r**3 - 29*r**2 + 49*r + 20. Let j be w(-16). What is the highest common divisor of j and 32?
4
Let g(f) = -f**3 + 12*f**2 + 48*f - 24. Let q be g(15). Calculate the highest common factor of q and 903.
21
Suppose 5*v - 59 = 86. Suppose 3*a + v = -1. Let k be -3*(-2 - a/6). What is the highest common divisor of 9 and k?
1
Let h(l) = 2*l - 12. Let u be h(18). Let n = u + -8. Suppose 166 = 2*d - n. Calculate the highest common divisor of 13 and d.
13
Let c(r) = 2*r**2 + 59*r - 139. Let o be c(-32). Let y = -11 - -200. Calculate the greatest common factor of o and y.
21
Suppose -50 = -3*w - 5*f, 7*f - 62 = -3*w + 8*f. Let k be (1/2)/((-3)/438). Let y = -43 - k. Calculate the highest common divisor of y and w.
10
Suppose 3*c + 12 = 4*c. Suppose b + 5*m = 2, 18*b - 17*b - 2 = -2*m. What is the highest common factor of b and c?
2
Suppose 2*r - 28*p + 24*p = 3058, -p + 2 = 0. Calculate the greatest common factor of 21 and r.
21
Let k(f) = -17*f + 429. Let j be k(15). What is the highest common factor of 290 and j?
58
Suppose 43 + 117 = -8*q. Let c be -3 + 0 - q - 1. What is the greatest common factor of 128 and c?
16
Let r = -2115 - -2145. Calculate the highest common divisor of 30 and r.
30
Suppose 0 = j - 3 + 2. Let p be 10 - j - (0 - -2). Let i = -381 + 409. What is the greatest common divisor of i and p?
7
Let n be -1 - (-4 - -8 - 2). Let l = 52 + n. What is the highest common factor of 7 and l?
7
Suppose -154 = -2*o - 10. Let u(r) = r**3 + 19*r**2 + 18*r + 18. Let j be u(-18). Calculate the highest common divisor of j and o.
18
Let h(n) be the first derivative of -n**4/4 - 19*n**3/3 - 10*n**2 - 18*n - 18. Let s be h(-18). What is the highest common divisor of s and 45?
9
Let p = 31 - 11. Let w = p - 12. Calculate the highest common divisor of 1 and w.
1
Let x = -8 + 13. Suppose 2*w - 8 = -4*d, -2*w + x*w + 4*d = 22. Let p be (-2)/4*(-280)/10. What is the greatest common factor of p and w?
14
Let b = 126 - 73. Suppose x - 49 = b. Suppose 7 = -c + x. Calculate the greatest common divisor of c and 19.
19
Suppose -18*z = -434 - 10366. Calculate the greatest common factor of z and 120.
120
Let g be 52/(3/3)*9/18. What is the highest common factor of 416 and g?
26
Let i(j) = j**3 + j**2 + j + 56. Let h be i(8). Calculate the greatest common factor of 20 and h.
20
Let a = -381 + 537. Calculate the highest common factor of 96 and a.
12
Let f(w) = w**2 + 8*w + 4. Let y be f(-6). Let m be 4*1 - y/(-4). What is the highest common factor of 14 and m?
2
Let q be ((-3720)/3)/(-8) + 10/(-2). Calculate the greatest common divisor of q and 100.
50
Let q = 527 - 515. Suppose 2*i + 2*i - 144 = 0. What is the highest common factor of q and i?
12
Suppose -41*n - 140 = -45*n. Suppose -n = -5*m + 45. Calculate the highest common divisor of m and 16.
16
Let q = -5 + 5. Suppose q = 7*k - 4*k - 24. What is the highest common divisor of k and 56?
8
Let v = 103 - -2. Suppose -v = 12*w - 17*w. Let l be (-1)/4 + 1346/8. Calculate the highest common factor of w and l.
21
Let k be (2 - (-564)/18)/(2/6). Calculate the highest common factor of k and 65.
5
Let m be (-1)/(4/(-13)) + 12/16. Suppose -290 = -2*h + 2*g, 3*h + m*g - 470 = -0*h. What is the highest common divisor of 30 and h?
30
Let r be (-288)/(-5) + (132/30 - 4). Calculate the greatest common factor of r and 232.
58
Let n = -49 - -529. Calculate the greatest common divisor of 48 and n.
48
Suppose -2*b - 2*n = -4*n - 46, 3*n = 2*b - 47. What is the highest common divisor of 2 and b?
2
Let o be -1*(2 + 3/(-1)). Let k(z) = -z**2 + 2*z + 3. Let v be k(3). Let f be (-1)/((2 - v)/(-18)). What is the greatest common factor of o and f?
1
Let q be (16/(-10))/((-1)/5). Let a be (-13)/143 + 530/22. What is the greatest common divisor of q and a?
8
Let b be 4/12 + 8/3. Suppose -5*o = -u - b, 2*u - u = -3. Suppose o = 4*g - 27 - 1. Calculate the greatest common divisor of 28 and g.
7
Let a = -273 + 333. Calculate the highest common factor of a and 135.
15
Let w be 2/(-5) + (-24)/(-10). Let i = -42 + 55. Suppose 0 = -4*k + i + 27. What is the highest common factor of w and k?
2
Suppose 2*u - 21 = -42*o + 39*o, -u - 28 = -4*o. Suppose 2*p - 4*v = -2*p + 244, 5 = -v. Calculate the greatest common factor of o and p.
7
Let r = 2197 - 1532. Calculate the highest common factor of r and 57.
19
Suppose 0 = 4*g - 5*c - 88, 15 = 2*g + 4*c - 55. Let m = -12 + g. What is the greatest common factor of 5 and m?
5
Suppose -4*a + 14*a - 110 = 0. Suppose 0 = 4*z + 23 - 111. Calculate the highest common factor of z and a.
11
Let i = 792 + -768. What is the highest common factor of 348 and i?
12
Let n be 16/4 - 4*-6. Let p(q) = -1 - 14*q**2 + 32*q**2 + 34*q**2 + 2*q + 59*q**2. Let x be p(1). What is the highest common factor of n and x?
28
Suppose -10*a + 714 + 9736 = 0. Calculate the greatest common factor of a and 380.
95
Suppose 2*y + 23*p - 44 = 19*p, 59 = 3*y - p. What is the greatest common factor of 10 and y?
10
Let s(v) = 0*v**2 + 3*v**2 + 6 - 5*v + 2 + 4*v. Let m be s(4). What is the highest common divisor of 13 and m?
13
Suppose 5*u - 122 = 28. Suppose -4*p + 0*p = 3*s - 44, 5*p = -s + 55. Suppose -569 = -p*x + 256. Calculate the highest common divisor of x and u.
15
Let s be 84*((-150)/(-7))/5. Suppose c = -4*y + s, -c + 3*y - 1732 = -6*c. Calculate the greatest common factor of c and 43.
43
Let a be 66/4 + (-16)/32. Suppose a = 2*i - 2*o + 6, 5*i - 4*o = 23. Calculate the greatest common divisor of i and 15.
3
Let d(j) = 49*j + 168. Let q be d(0). What is the highest common factor of q and 756?
84
Let f(r) = -r**2 - 9*r - 10. Let a be f(-7). Suppose 0 = -0*l - 2*l + a. Suppose -4*i - l*w = -0 - 6, -3 = -3*w. What is the highest common factor of 1 and i?
1
Suppose 2*y + 3*w - 72 = -y, 3*y - 3*w - 54 = 0. Suppose 872 - 368 = 4*b. Calculate the highest common factor of b and y.
21
Let b be 216/28 + (-4)/(-14). Calculate the greatest common divisor of 10 and b.
2
Suppose 0 = -3*b + 5*o + 62, o - 14 = -b + 6*o. Let f = b - 3. Calculate the highest common factor of 14 and f.
7
Let p(h) be the first derivative of h**3 + h**2 - h + 16. Let d = 7 + -4. Let z be p(d). What is the highest common factor of 4 and z?
4
Let z(g) = -28*g + 8. Let u(b) = -b + 1. Let v(t) = -2*u(t) + z(t). Let q be v(-5). Calculate the highest common factor of q and 17.
17
Let w(a) = 5*a - 3. Let q be w(2). Let c be (6/3)/(q/588). Let o = 17 - -4. What is the highest common divisor of o and c?
21
Let i(x) = 2*x**3 + x**2 - 2. Let h be i(2). Let q = h + -12. Let m(l) = -l**2 + 18*l + 146. Let r be m(-6). What is the greatest common factor of q and r?
2
Suppose -2*h - 3*x + 50 = 0, -2*x + x = -2*h + 42. Let j = 219 - 217. What is the greatest common divisor of j and h?
2
Let x = -9 + 13. Suppose 2*j + x*k = -3*j, 2*j = -3*k - 7. Suppose 84 = 3*c + 4*i, 4*c - i = -6*i + 113. What is the greatest common divisor of j and c?
4
Suppose 0 = 8*c - 3*c - 90. Let d be 42/(-70)*(-6)/((-36)/(-30)). What is the greatest common divisor of c and d?
3
Let s(i) = -i**2 - 60*i - 319. Let z be s(-6). Suppose 4*n - 1224 = 360. Suppose -n = x - z*x. Calculate the greatest common divisor of x and 9.
9
Let f(l) = l**3 + 17*l**2 - 20*l + 5. Let p be f(-9). What is the highest common factor of 17 and p?
17
Let w(c) = c**2 - 2*c - 4. Let u be w(4). Suppose u*v - 3*v = 1. Suppose -h + 4 + v = 0. What is the highest common divisor of 25 and h?
5
Let b = 535 + -530. What is the highest common factor of